w = 13 + -3. Let z = 43 - 18. Let i be z*-2*9/(-5). What is the highest common factor of w and i?
10
Suppose 3*m = 3*w + 6, 3*m - 26 = -2*w - 5. What is the highest common divisor of 10 and m?
5
Let n be -99*(24/9 - 3). Let t = n + -23. What is the greatest common factor of t and 20?
10
Suppose 2*d - 5*d = -108. Let u be 81/2*8/6. What is the highest common divisor of u and d?
18
Suppose c - 2 = -0*c. Let n(q) be the second derivative of 28*q**3/3 + 12*q. Let p be n(c). Calculate the highest common divisor of p and 14.
14
Suppose 5*x - 2*v - 303 = 0, 5*v - 25 = -2*x + 102. Let m = 110 - x. Calculate the highest common factor of m and 7.
7
Suppose -z - 78 = -3*c, -2*z - 3*z - 90 = -3*c. What is the highest common divisor of c and 10?
5
Let i(u) = 46*u + 2. Let k be i(1). What is the highest common factor of k and 16?
16
Let q = -4 - 0. Let x(w) = -w**2 - 11*w - 9. Let m be x(q). What is the highest common divisor of 152 and m?
19
Suppose 2*b = -i + 8, b + 3 = 4*i + 7. Suppose i = -10*y + 6*y + 480. What is the greatest common divisor of y and 15?
15
Let k(f) = -f + 17 - 5*f + 9*f - 4*f. Let t be k(7). Calculate the highest common divisor of 10 and t.
10
Let i(d) = -d**3 + 8*d**2 + 11*d - 7. Let q be i(9). Calculate the highest common factor of q and 88.
11
Let g(j) = -j**3 - 11*j**2 + 10*j - 1. Let h be g(-12). What is the greatest common factor of 230 and h?
23
Let b be 219/(-15) - 2/5. Let x be (-2)/(-11) - (-784)/44. Let p be -10*(x/b + 0). Calculate the greatest common factor of p and 24.
12
Suppose -7 = -2*v + 3. Suppose 5*s = -v*f + 2*s + 1, -4*s - 2 = 5*f. Calculate the greatest common factor of f and 14.
2
Let v(f) = -f + 9. Let m be v(6). Suppose -11 = -m*i + 4. Let b(h) = 7*h**2 - 2*h + 1. Let z be b(2). What is the greatest common factor of i and z?
5
Suppose 17*c - 13*c = -2*r + 6, -1 = c - 2*r. Calculate the greatest common factor of c and 13.
1
Let n(l) = 2*l**2 - 8*l + 1. Let d be n(8). Let r(s) = -s**2 + 8*s + 14. Let m be r(6). What is the highest common factor of m and d?
13
Let p = -1 - -4. Suppose -4*r + 0 = -20. Suppose r*h - 15 = -5*q, 3*q + 4 = 4*h - q. What is the greatest common factor of h and p?
1
Let t = -19 + 64. Let b be -1 + 6/(2 + 0). Suppose 2*n = 2*q + 22, -3*n - b*q + 4*q = -31. What is the greatest common factor of t and n?
9
Suppose -s + 0*x = 2*x - 15, 5*s = -4*x + 69. What is the greatest common factor of 52 and s?
13
Suppose 17 - 56 = -a. Let f = 6 + -1. Suppose 3*j = -5*c + 74, -j + 9 = -f*c + 71. What is the greatest common divisor of c and a?
13
Let x = -20 - -31. Let d(g) be the second derivative of g**4/12 + g**3/3 - g**2 - g. Let z be d(-6). What is the highest common divisor of z and x?
11
Suppose 6*r + 18 = 3*x + 3*r, -4 = -3*x - 4*r. Calculate the greatest common factor of 16 and x.
4
Suppose -c + 256 = -5*c. Let o be (c/(-40))/(4/10). Calculate the highest common divisor of 4 and o.
4
Let f(c) = c**3 - 4*c**2 - 2*c + 3. Let k be f(7). What is the highest common factor of k and 51?
17
Let a be -2 - 148/(-3 + 1). Suppose -39 = -3*y + 12. Suppose 5*b = 28 + y. Calculate the greatest common divisor of a and b.
9
Let b = 474 + -240. What is the highest common factor of 26 and b?
26
Suppose 3*j - 225 = 183. Calculate the greatest common divisor of j and 17.
17
Suppose -5 - 5 = 2*r, -3*r - 35 = -4*j. Suppose 3*i = -5*s + 11, 2*i - 2*s - 3 = -s. Suppose 7*g = i*g + 125. Calculate the greatest common divisor of j and g.
5
Suppose -9*v - 30 = -14*v. Calculate the highest common factor of v and 10.
2
Let a(g) = -g**2 - g + 10. Let d be a(0). Suppose 4*p + 99 = -p - 3*m, -m = 3. Let l = p + 48. What is the greatest common factor of d and l?
10
Let u = 1 - -2. Let h(m) = 13*m**2 - 22*m**2 + 2*m**3 - m**u - 4 - 3*m. Let c be h(10). Calculate the greatest common factor of c and 11.
11
Suppose -4*m - 4*g - 2 = 2, -4*m + g + 11 = 0. Suppose 2*f + m*f - 44 = 0. Calculate the greatest common factor of 22 and f.
11
Let i be 0 + -3 - (-25 - 2). Calculate the greatest common divisor of i and 16.
8
Let i be ((-6)/5)/((-6)/15). Suppose 24 = i*m - m. Calculate the highest common divisor of 4 and m.
4
Let m(l) = l**2 - 5*l + 1. Let o = -2 + 4. Let r be o*(-3 - 11/(-2)). Let y be m(r). What is the greatest common factor of y and 11?
1
Suppose -2 = 2*z + 22. Let a = z - -24. What is the greatest common factor of 12 and a?
12
Let r(c) = -c**2 + 6*c - 2. Let s be r(5). Calculate the greatest common factor of 27 and s.
3
Let c = -2 - -5. Suppose -42 + 5 = -5*u + 3*w, c*u - 11 = -w. Suppose -4*i = -0*i - 180. Calculate the greatest common factor of i and u.
5
Let t(q) = 7*q - 3. Let d be t(-8). Let n = -19 - d. What is the greatest common factor of 5 and n?
5
Suppose n - 15 = 2*z - z, z + 35 = -3*n. Let p = z - -35. Let c(m) = m**2 - 8*m + 5. Let u be c(8). What is the greatest common factor of u and p?
5
Suppose 374 + 354 = 4*k - 2*t, -k + 5*t = -200. Calculate the highest common factor of 20 and k.
20
Let w be (-1 + 10 - 2) + -2. Suppose -3*l + 92 = 5*f - 305, -f = w*l - 75. Calculate the highest common factor of f and 16.
16
Suppose 3*v = 6*v - 9. Let z be 32*v/9*6. Let n = -24 + z. Calculate the greatest common divisor of 10 and n.
10
Let c(v) = 2*v + 1. Let d be c(1). Suppose u + 25 = 5*s - 152, -d*s - 2*u + 114 = 0. Suppose 5*y = -5*y + 540. What is the highest common factor of y and s?
18
Let n be (1 + 1 + -1)/(13/221). Calculate the highest common divisor of n and 170.
17
Let h(p) = -p**3 + 6*p**2 - 5*p - 4. Let z be h(4). Let i(d) = d**2 + d + 56. Let k be i(0). Calculate the highest common factor of z and k.
8
Let p(s) = 4*s + 20. Let q be p(4). Calculate the highest common factor of q and 48.
12
Suppose v = -5 + 17. Let d(x) = -x**3 + 5*x**2 + 6*x + 5. Let n be d(6). Let b = n - 2. Calculate the greatest common factor of b and v.
3
Let v = -8 + 13. Suppose v = 4*i - 15. What is the highest common divisor of 20 and i?
5
Let l = 146 - 82. Let m be 7/3 - (-4)/6. Suppose -20 = 5*d, m*o + 3*d - 20 = o. What is the greatest common factor of l and o?
16
Let p be 1040/18 + (-4)/(-18). Let h = p + -85. Let d be (6*h)/(-2) - 1. What is the greatest common factor of 10 and d?
10
Suppose -3*x + 12 = -177. Let b = 56 + -35. Calculate the highest common divisor of x and b.
21
Let x be 1 + (4 - 2) - -42. Calculate the greatest common factor of x and 9.
9
Let y = -10 - -16. What is the highest common divisor of 2 and y?
2
Suppose 0 = -6*n + 26 + 112. What is the highest common factor of 253 and n?
23
Let g be ((-6)/(-5))/(15/50). What is the highest common divisor of 44 and g?
4
Let y be 344/44 - 2/(-11). Calculate the greatest common divisor of 48 and y.
8
Let q(a) = 7*a**2 + a. Suppose 2*c - 3 = -5. Let m be q(c). What is the highest common divisor of 12 and m?
6
Let l be (-94)/(-18) + (-6)/27. Suppose 3*c - l = 1. Suppose h = c*h - 25. Calculate the greatest common factor of 10 and h.
5
Let t(d) = -d**3 + 6*d**2 + d + 12. Let x be t(6). Calculate the greatest common divisor of x and 81.
9
Let r be (-147)/(-15) + (-1)/(-5). Let s = r + 11. What is the highest common factor of s and 7?
7
Let n be (-540)/(-16) + (-1)/(-4). What is the greatest common factor of 170 and n?
34
Let c = 19 - 4. What is the greatest common factor of c and 105?
15
Let z be 710/30 - (-2)/6. Suppose 0 = f - 0*f - 12. What is the greatest common factor of f and z?
12
Let b = 8 - 6. Suppose 8*d - 3*d = -4*x - 83, -38 = b*d + 4*x. Let t = d + 26. Calculate the highest common factor of 88 and t.
11
Let b = 71 - 27. Let s be (-25)/2*(-4)/5. Let n = s - 6. What is the highest common factor of n and b?
4
Let d = 212 + -122. What is the highest common divisor of d and 15?
15
Suppose -20 - 28 = -6*t. Let i(q) = -q**2 - 4*q + 7. Let g be i(-5). Calculate the highest common divisor of g and t.
2
Let x = 10 - -4. What is the highest common divisor of 154 and x?
14
Suppose -9*j = -j - 48. Calculate the greatest common divisor of 4 and j.
2
Suppose 0 = -5*d + 5*r + 55, -r = -5*d - 2*r + 79. What is the greatest common factor of d and 210?
15
Let g(q) = q**3 - q + 55. Let r = -4 + 4. Let l be g(r). Let w be (-82)/(-4) + 3/2. Calculate the highest common divisor of w and l.
11
Suppose -4*b + 22 = -34. Let p = b + -9. Suppose -17 = p*n - 62. Calculate the greatest comm